2. Calculate the highest common divisor of o and 60.
12
Let h be ((-36)/(-3))/3*(3 - -1). Suppose 12*d - 336 = -h*d. Suppose 5*m + 20 = g, 0 = -2*g - 0*g - m + 62. What is the greatest common factor of g and d?
6
Let r(o) be the first derivative of 3*o**2/2 + 113*o - 51. Let x be r(-30). Calculate the greatest common factor of 23 and x.
23
Let u be 0 + -1 + 2 + (-5 - -5). Let g be 24 + u + 7/(7/3). What is the greatest common factor of 4 and g?
4
Suppose 5*r - 588 = -37*r. Suppose -r = -2*u + z + 85, 5*u = z + 243. What is the highest common divisor of 20 and u?
4
Suppose -10*t + 1124 = 8*t - 334. What is the greatest common divisor of t and 4779?
81
Suppose -5*y + 865 = -5*o, -o = -15*y + 11*y + 695. Calculate the highest common factor of y and 30.
6
Suppose 0 = 7*p - 6*p + 890. Let j = p - -1757. What is the greatest common factor of 51 and j?
51
Suppose -2*g + 3*b - 2*b + 16 = 0, 2*b = 3*g - 22. Let d be 27/(-12)*(-3 - 17). What is the highest common divisor of g and d?
5
Let t(r) = -1 + 0*r**2 + 2*r + r**2 + 0*r**2. Let o be t(-3). Let f be (-30)/(((-9)/(-18))/(o/(-4))). What is the highest common divisor of f and 10?
10
Suppose 4*o - 16*i = -17*i + 6743, -o - 4*i = -1682. Calculate the highest common divisor of 6 and o.
6
Let x(d) = 3*d - 6. Let w be x(6). Suppose -246*s = -219*s - 405. What is the highest common factor of w and s?
3
Let z be 16*(-13 - (-354)/24). Suppose -7*s = -10*s + 588. Calculate the greatest common divisor of s and z.
28
Let p(o) = -686*o + 7448. Let t be p(10). Calculate the highest common factor of t and 3724.
196
Suppose 8*k - 4*k + 1412 = -3*h, 0 = -3*k - 2*h - 1059. Let x = -341 - k. What is the greatest common divisor of 516 and x?
12
Let w be 6*(-6 + 159/27)*(-356 + -1). Calculate the highest common factor of 578 and w.
34
Let t be -5*2*(0 + -2). Let b(s) = -t*s - 16*s + 20 + 37*s. Let v be b(-11). What is the highest common factor of v and 6?
3
Let z = 10178 + -10164. Calculate the highest common factor of z and 24878.
14
Suppose -3*z + j = 4, 0 = -5*z - 9*j + 4*j. Let n(b) = -231*b**3 + 3*b**2 + 5*b + 3. Let c be n(z). Calculate the highest common divisor of 58 and c.
58
Let m = -125 - -118. Let a be m + (21/(-3) - -84). Calculate the highest common divisor of 112 and a.
14
Let f = -6416 - -8066. Calculate the highest common divisor of 165 and f.
165
Suppose -321738 + 57942 = -12*r. What is the highest common factor of r and 13?
13
Let s(j) = 20*j - 194. Let h be s(10). Let p be 142 - -2*(7 - h). What is the greatest common divisor of 48 and p?
48
Suppose -8*w + 431 = -1201. Calculate the greatest common factor of 884 and w.
68
Let y = -93 + 13. Let m = y - -83. Let p be (-17)/(-17) - 51/(2 - m). What is the greatest common divisor of p and 4?
4
Let u be (-4 - -139) + 9/9. Suppose 228*x = 226*x + u. Calculate the greatest common factor of 68 and x.
68
Suppose -2*d + 3*b + 165 = 0, -4 = 61*b - 65*b. Let x be 1*(-3 - 10) + 1. Let l be x*(2 - 0 - 4). Calculate the greatest common divisor of l and d.
12
Let l be (-6)/2 + 1 + 14. Let k(b) = b - 10. Let r be k(l). Let c be -1 - 0 - (-102)/r. What is the highest common factor of 20 and c?
10
Let a(z) = z**3 - 38*z - 4. Let x be a(-6). Suppose 0 = -b - 1, -11*w = -x*w + 4*b - 200. What is the greatest common factor of 16 and w?
4
Let v = -4 - -7. Suppose -b = 2*u + 151, v*b + 296 = -3*u + 62. Let a = -48 - u. Calculate the greatest common divisor of a and 5.
5
Let z(y) = 2*y**2 + 41*y + 42. Let d be z(-20). Suppose 0 = -5*p + 170 + 270. What is the greatest common divisor of d and p?
22
Let d = -23 - -38. Let v be (d*(-16)/(-6))/1. Let z be ((-896)/70)/((-2)/v). What is the greatest common divisor of 32 and z?
32
Suppose 0 = 3*b - d + 1, -2*b = -b - 3*d + 3. Suppose 254 = 2*t + 5*y - b*y, 0 = 5*t + 4*y - 601. What is the highest common factor of t and 27?
9
Let g = -397 + 622. Let i be (-36)/(-15) + -2 - (-86)/10. What is the greatest common divisor of g and i?
9
Suppose 6*f - 3*f = 4*c + 4203, f - c = 1400. Suppose 1404*h - 189 = f*h. Calculate the greatest common factor of h and 54.
27
Let c = -194 + 335. Let a = c + -114. What is the highest common factor of a and 12?
3
Suppose 30 + 48 = k - 4*r, -r = -3*k + 267. Suppose -8*i + 126 = -i. What is the highest common factor of k and i?
18
Let y be 18 + 2525*16/40. Calculate the greatest common divisor of 4369 and y.
257
Let o be (-36)/8*(-1 - 1). Let x(t) = t**2 + 8*t + 9. Let k be x(-7). Suppose 0 = k*i - 6*i + 36. What is the greatest common factor of i and o?
9
Suppose 0 = 15*c - 13*c + 5*r - 2955, r = 3*c - 4441. Calculate the greatest common factor of c and 880.
40
Let d be (11/2 + -7)/(6 + (-2055)/342). Let t be 0 - 0 - (-9 + 0). Calculate the greatest common factor of d and t.
9
Suppose 63 + 119 = 26*b. What is the greatest common divisor of b and 14?
7
Let c(f) = -3*f + 1 + 12*f + 8*f. Let q be c(1). Suppose 18*y - 24 = -1 + 85. What is the greatest common factor of y and q?
6
Let l be (-69447)/(-231) + 1*8/22. What is the greatest common divisor of 43 and l?
43
Let p = -21 + -18. Let v = -20 - p. Let c(t) = -7*t + 57. Let z be c(0). What is the greatest common factor of v and z?
19
Suppose 4*y + 4*w = 44, 3*w + 201 - 238 = -5*y. What is the highest common factor of 257 and y?
1
Let b = -42 + 62. Let l(t) = 2 + 6 + 25*t + 12. Let j be l(4). Calculate the highest common factor of b and j.
20
Let q(i) = i**3 + 7*i**2 - 28*i - 80. Let z be q(-8). What is the greatest common divisor of z and 4304?
16
Let y be 5 + (2 - (-18)/(-6)) - -774. Let v = -712 + y. Let d(n) = 7*n - 2. Let k be d(5). What is the greatest common divisor of v and k?
33
Let w be (-3 + 2)/((-6)/1116). Let j(o) = 117 + o - w + 107. Let a be j(6). What is the greatest common factor of a and 66?
22
Suppose -177*u = -105*u - 81000. Calculate the greatest common divisor of u and 1575.
225
Let r be 5/(-60)*72/(-45) + 354/45. What is the greatest common divisor of r and 1844?
4
Let t(g) = -2*g**2 + 22*g + 27. Let d be t(11). Suppose 96 = -24*y + d*y. Suppose -34*s + 8 = -y*s. Calculate the highest common factor of s and 64.
4
Suppose -196 = -7*u + 189. Let a be 24 - (4/5)/(11/u). Calculate the highest common divisor of a and 500.
20
Let x(j) = 28*j + 255. Let r(s) = -17*s - 178. Let t be r(-10). Let o be x(t). What is the greatest common divisor of o and 31?
31
Let m(n) = n**2 - 5*n - 30. Let r be m(9). Let z(y) = y**3 + 12*y**2 + 11*y - 42. Let u be z(-10). Calculate the highest common divisor of u and r.
6
Suppose 0 = -2*g + 8, 4*v + 5 - 21 = 5*g. Let t = 11 + -6. Suppose 0*x = -4*x + a + 106, 0 = t*a - 10. Calculate the highest common factor of v and x.
9
Let g be 3/(-3)*-3 - (-92 + -10)/6. Calculate the greatest common factor of 4780 and g.
20
Let g(i) = 4*i**2 - 72*i + 44. Let h be g(19). Suppose -411 = -3*n - 96. Calculate the highest common divisor of h and n.
15
Suppose -2*a - 35 = h - 2*h, -110 = 5*a + 2*h. Let p be a/((-3)/12 + 0). Let b = -982 - -1014. What is the highest common divisor of p and b?
16
Let j = -718 + 726. Suppose -16 = -6*x + j. Calculate the greatest common divisor of x and 7.
1
Let r = 93 - 84. Let y be 102/7 + r/42*2. What is the highest common divisor of 75 and y?
15
Suppose 0*m = 3*m + 9, -m + 85 = 2*l. Suppose 420*r + 444 = -387*r + 918*r. What is the highest common factor of l and r?
4
Let u(m) = -9*m - 7. Suppose 0 = -20*z + 16*z - 12. Let q be u(z). What is the greatest common factor of q and 15?
5
Let a be 2/((-10308)/258 - -40). Let o be (-1)/(-4) - (-1891)/4. Calculate the greatest common divisor of o and a.
43
Let d be (-5 - 19)/(-6) + 432. Let z = 488 - d. What is the greatest common factor of 4 and z?
4
Suppose -2*d + 128 = 2*d. Let z(y) = 306*y**2 + 2*y + 5. Let w be z(-1). Let a = w + -245. Calculate the highest common divisor of a and d.
32
Suppose 5*j - q = 3*q, 3*j = -5*q + 37. Suppose -t - j*o + 253 = 45, -20 = -5*o. What is the highest common factor of 24 and t?
24
Suppose -18 = -0*d - 6*d. Suppose -d*o = -3*n - 6*o + 36, -34 = -2*n + 3*o. Suppose -n*k - 60 = -19*k. Calculate the greatest common divisor of k and 24.
12
Suppose 0 = 4*t - 6*t + 5*d + 173, t - 4*d = 85. Suppose -t*w + 101*w = 276. Let h be (-2)/(-2)*-1 - -162. What is the greatest common factor of h and w?
23
Let s(x) = 206*x + 221*